of 2951320?
2, 5, 73783
What are the prime factors of 14651955?
3, 5, 108533
List the prime factors of 959780.
2, 5, 37, 1297
List the prime factors of 2317745.
5, 463549
What are the prime factors of 343132?
2, 109, 787
What are the prime factors of 3052436?
2, 109, 7001
What are the prime factors of 15606575?
5, 199, 3137
What are the prime factors of 1507709?
7, 43, 5009
What are the prime factors of 5024091?
3, 197, 8501
What are the prime factors of 1329908?
2, 332477
What are the prime factors of 10103935?
5, 67, 30161
What are the prime factors of 52099?
53, 983
List the prime factors of 320692.
2, 80173
List the prime factors of 3281260.
2, 5, 359, 457
List the prime factors of 158311.
29, 53, 103
What are the prime factors of 17461956?
2, 3, 43, 787
List the prime factors of 250914.
2, 3, 19, 31, 71
List the prime factors of 623677.
623677
What are the prime factors of 1358882?
2, 7, 29, 3347
What are the prime factors of 16531639?
47, 211, 1667
List the prime factors of 23825511.
3, 2647279
List the prime factors of 10138184.
2, 7, 181039
What are the prime factors of 514158?
2, 3, 67, 1279
What are the prime factors of 103189?
19, 5431
What are the prime factors of 8216713?
131, 62723
What are the prime factors of 8349382?
2, 4174691
List the prime factors of 45848.
2, 11, 521
List the prime factors of 9149975.
5, 23, 15913
What are the prime factors of 3257974?
2, 1628987
What are the prime factors of 5469163?
7, 781309
List the prime factors of 737970.
2, 3, 5, 17, 1447
List the prime factors of 1156589.
7, 127, 1301
List the prime factors of 5923957.
13, 35053
List the prime factors of 22090.
2, 5, 47
What are the prime factors of 2990599?
37, 131, 617
List the prime factors of 3609272.
2, 451159
List the prime factors of 120873.
3, 43, 937
List the prime factors of 979099.
11, 89009
List the prime factors of 1133753.
421, 2693
List the prime factors of 14492783.
23, 149, 4229
List the prime factors of 8218105.
5, 7, 234803
What are the prime factors of 573895?
5, 7, 19, 863
List the prime factors of 1615621.
7, 443, 521
List the prime factors of 33660307.
33660307
What are the prime factors of 14117?
19, 743
What are the prime factors of 97612?
2, 23, 1061
What are the prime factors of 102458?
2, 51229
What are the prime factors of 1116005?
5, 11, 103, 197
What are the prime factors of 598822?
2, 7, 42773
What are the prime factors of 189285?
3, 5, 12619
List the prime factors of 96137.
96137
List the prime factors of 4962306.
2, 3, 19, 29, 79
List the prime factors of 13063.
13063
List the prime factors of 446372.
2, 111593
List the prime factors of 17693530.
2, 5, 347, 5099
What are the prime factors of 2462667?
3, 79, 10391
List the prime factors of 1623280.
2, 5, 103, 197
What are the prime factors of 934646?
2, 557, 839
What are the prime factors of 207688?
2, 13, 1997
List the prime factors of 18882048.
2, 3, 19, 647
What are the prime factors of 8005988?
2, 41, 48817
What are the prime factors of 3436033?
3436033
List the prime factors of 932843.
19, 29, 1693
List the prime factors of 1538463.
3, 512821
What are the prime factors of 20103944?
2, 7, 358999
List the prime factors of 691874.
2, 345937
List the prime factors of 185672.
2, 23209
List the prime factors of 210287.
7, 11, 2731
List the prime factors of 110552.
2, 13, 1063
What are the prime factors of 5829652?
2, 719, 2027
What are the prime factors of 1276616?
2, 11, 89, 163
List the prime factors of 2079540.
2, 3, 5, 3851
What are the prime factors of 10535145?
3, 5, 229, 3067
What are the prime factors of 163438?
2, 11, 17, 19, 23
What are the prime factors of 1529097?
3, 509699
List the prime factors of 435846.
2, 3, 17, 4273
List the prime factors of 1376071.
1376071
List the prime factors of 4550808.
2, 3, 189617
List the prime factors of 201486.
2, 3, 33581
What are the prime factors of 1768525?
5, 11, 59, 109
What are the prime factors of 1937056?
2, 11, 5503
List the prime factors of 3285948.
2, 3, 61, 67
List the prime factors of 4070724.
2, 3, 7, 23, 43
List the prime factors of 4192224.
2, 3, 43669
What are the prime factors of 15251730?
2, 3, 5, 13, 39107
What are the prime factors of 25795?
5, 7, 11, 67
List the prime factors of 21365939.
7, 1667, 1831
What are the prime factors of 1202287?
839, 1433
What are the prime factors of 733535?
5, 11, 13337
What are the prime factors of 900980?
2, 5, 19, 2371
List the prime factors of 236519.
236519
What are the prime factors of 59153?
149, 397
What are the prime factors of 5185741?
11, 23, 103, 199
What are the prime factors of 157166?
2, 78583
List the prime factors of 25932042.
2, 3, 37, 12979
List the prime factors of 62384.
2, 7, 557
What are the prime factors of 83744?
2, 2617
What are the prime factors of 499215?
3, 5, 23, 1447
List the prime factors of 13568478.
2, 3, 7, 11, 43, 683
List the prime factors of 15110027.
1733, 8719
What are the prime factors of 5064317?
17, 19, 15679
What are the prime factors of 13594329?
3, 7, 19, 41, 277
List the prime factors of 3649383.
3, 405487
What are the prime factors of 303708?
2, 3, 25309
List the prime factors of 425423.
425423
List the prime factors of 6300724.
2, 79, 127, 157
List the prime factors of 145633.
145633
What are the prime factors of 732034?
2, 31, 11807
What are the prime factors of 1535091?
3, 71, 7207
List the prime factors of 41390946.
2, 3, 29, 26431
List the prime factors of 5040851.
5040851
What are the prime factors of 8277035?
5, 13, 29, 4391
What are the prime factors of 200074?
2, 7, 31, 461
List the prime factors of 488860.
2, 5, 24443
List the prime factors of 2222709.
3, 740903
List the prime factors of 1213072.
2, 7, 10831
List the prime factors of 913574.
2, 293, 1559
List the prime factors of 714754.
2, 357377
What are the prime factors of 316376?
2, 71, 557
What are the prime factors of 1976560?
2, 5, 31, 797
What are the prime factors of 970138?
2, 13, 37313
What are the prime factors of 5339975?
5, 213599
What are the prime factors of 9935198?
2, 7, 13, 79, 691
What are the prime factors of 282043?
131, 2153
What are the prime factors of 1025688?
2, 3, 42737
List the prime factors of 8578295.
5, 11, 1289
What are the prime factors of 2458063?
2458063
List the prime factors of 1312723.
17, 37, 2087
List the prime factors of 1311496.
2, 29, 5653
List the prime factors of 116831.
11, 13, 19, 43
List the prime factors of 61980.
2, 3, 5, 1033
List the prime factors of 81452.
2, 7, 2909
What are the prime factors of 134881?
19, 31, 229
What are the prime factors of 2384215?
5, 19, 25097
List the prime factors of 358124.
2, 13, 71, 97
List the prime factors of 5213242.
2, 103, 25307
List the prime factors of 22287423.
3, 131, 56711
List the prime factors of 17527582.
2, 41, 213751
What are the prime factors of 165025?
5, 7, 23, 41
What are the prime factors of 110220?
2, 3, 5, 11, 167
List the prime factors of 685705.
5, 29, 4729
What are the prime factors of 6985209?
3, 7, 11, 2749
List the prime factors of 1292136.
2, 3, 17, 3167
What are the prime factors of 137999?
137999
What are the prime factors of 62677?
233, 269
What are the prime factors of 854609?
7, 107, 163
List the prime factors of 1397175.
3, 5, 13, 1433
What are the prime factors of 57867?
3, 19289
What are the prime factors of 358170?
2, 3, 5, 11939
List the prime factors of 1767984.
2, 3, 36833
List the prime factors of 1205136.
2, 3, 8369
What are the prime factors of 361708?
2, 31, 2917
List the prime factors of 5341047.
3, 1780349
List the prime factors of 558171.
3, 2297
What are the prime factors of 1707638?
2, 853819
List the prime factors of 444357.
3, 97, 509
List the prime factors of 70411.
11, 37, 173
What are the prime factors of 13111?
7, 1873
What are the prime factors of 832867?
7, 43, 2767
What are the prime factors of 4113885?
3, 5, 274259
List the prime factors of 13323082.
2, 1451, 4591
List the prime factors of 87693.
3, 29231
List the prime factors of 1849839.
3, 109, 5657
What are the prime factors of 772546?
2, 59, 6547
List the prime factors of 24609.
3, 13, 631
What are the prime factors of 822702?
2, 3, 137117
List the prime factors of 4170277.
4170277
What are the prime factors of 24995?
5, 4999
List the prime factors of 12392540.